inder when 23 is divided by (-2)/k - (-689)/52?
10
Let i = -58 - -105. Suppose 3*g + 11 - i = 0. What is the remainder when 15/6*204/15 is divided by g?
10
Let g = 6 + -8. Let z(m) = m**3 + 3*m**2 - 2. Let v be z(g). Suppose v = 2*s - 2. Calculate the remainder when 8 is divided by s.
0
Let a = -29 - -34. Suppose 0 = -a*i - 0*i + 280. Calculate the remainder when i is divided by 15.
11
Suppose -2*c + 4*c + 328 = 5*w, 3*w - 3*c = 204. What is the remainder when w is divided by 33?
31
Let p(x) = -12*x**2 - 2*x + 1. Let h be p(1). Let r = h + 22. What is the remainder when r*(-2 + (-56)/(-6)) is divided by 23?
20
Suppose 0*p + 12 = 4*p. Suppose 0 = -p*a - 7*a + 30. Calculate the remainder when 3 is divided by a.
0
Suppose -133 - 71 = -6*c. Calculate the remainder when c is divided by 7.
6
Let m(u) = 33*u + 706. Calculate the remainder when m(-11) is divided by 28.
7
Suppose -6*n + 5*n + 42 = 0. Let a = -29 + n. Suppose 86 = -6*c + 110. What is the remainder when a is divided by c?
1
Let v be (-3)/(-1) - (3 + -4). Calculate the remainder when 30 is divided by 78/5 + v/10.
14
Suppose -31*w + 33*w - 18 = 0. Let j(r) = -r**3 - 6*r**2 + 0*r**3 + 2 + 17*r**2 - 12*r. What is the remainder when j(w) is divided by 29?
27
Suppose 0 = -2*k - 4*f + 74, -3*k - 4*f + 71 = -50. What is the remainder when k is divided by 12?
11
Suppose 0*s = -4*s + i + 409, 5*s + 5*i - 505 = 0. Calculate the remainder when s is divided by 12.
6
Suppose v + 0*i - 2*i = -8, -5*i + 25 = -5*v. Calculate the remainder when 63 is divided by (v - -28)*3*(-2)/(-12).
11
Suppose 103 - 16 = 3*q. Let m(b) = -b**2 - 6. Let w be m(3). Let y = 0 - w. What is the remainder when q is divided by y?
14
Let y = -13 - -12. Let r be (y + 4)*(-30)/(-45). Suppose -46 = -r*n - 2. What is the remainder when 86 is divided by n?
20
Let i = 0 + 2. Suppose -514 + 559 = 5*v. Calculate the remainder when 14 - (0 + i/(-1)) is divided by v.
7
Let y = 9 - 7. Suppose 4*k = -3*g + 145, 0*g + 4*k = y*g - 110. Suppose -5*c = -3*p - 68, 4*c - g - 17 = -p. What is the remainder when 29 is divided by c?
13
Suppose -115*f = 144*f - 4144. Let m(c) = c**3 + 3*c**2 - c - 2. Let b be m(-3). Suppose -5 = -x + b. Calculate the remainder when f is divided by x.
4
Let m = -35 - -76. Suppose -3*z = -72*z + 1035. Calculate the remainder when (2 + m)*(-3)/(-3) is divided by z.
13
Calculate the remainder when 115 is divided by (-2970)/(-132)*(-8)/(-3).
55
Suppose -v + 10 = -4*x - 6, 4*v + 16 = -4*x. Let b be (-195)/12 + (-1)/x. Let k = b - -39. Calculate the remainder when 90 is divided by k.
21
Let m = 19 - 9. Calculate the remainder when -102*-1*5/m is divided by 13.
12
Let s = 6 + 7. Let y(p) = -p**3 - 7*p**2 - 14*p - 139. Calculate the remainder when y(-8) is divided by s.
11
Let k = 551 - 535. What is the remainder when 110 is divided by k?
14
Let o(k) = 7*k + 1. Suppose -7*j = -36 - 6. Suppose 2*l - 5*l + j = 0. What is the remainder when 27 is divided by o(l)?
12
Suppose 0 = 5*l - 2*l - 48. Suppose 0*q + 60 = -4*q. What is the remainder when (l/(-10))/(1/q) is divided by 13?
11
Let a(s) = s**3 + 2*s**2 - s + 1. Let d(o) = -o - 6. Suppose -7*m - 56 = 7. Calculate the remainder when a(-2) is divided by d(m).
0
Calculate the remainder when -7 - (-99)/(-54)*-6 is divided by 0 + ((-4)/1)/(-2).
0
Let a = 189 - 146. Calculate the remainder when 118 is divided by a.
32
Let v be (-32)/5 + (-10)/(-25). Suppose -2 = g - 2*g + 3*u, -76 = -4*g - 5*u. What is the remainder when v - -4 - (-41 - 0) is divided by g?
11
Let t(l) = l**2 - l. Let y(h) = h**2 + h + 5. Let v be y(0). Suppose -4*f = -6*f + 2, 0 = v*n - 5*f + 10. Calculate the remainder when t(n) is divided by 1.
0
Let o(u) = 8*u**2 + 1. Let s(b) = -b**2 + 6*b + 2. Let z be s(6). Suppose z*p = 25 + 25. Calculate the remainder when p is divided by o(-1).
7
Let h = 528 + -214. What is the remainder when h is divided by 15?
14
Let t be (1 + -1)*(21/14 - 2). Suppose t = -3*f - 4*v + 64, -5 + 89 = 4*f + 4*v. What is the remainder when (-183)/(-5) - 4/(-10) is divided by f?
17
Suppose a + 4*c - 78 = 0, -c = 3*a - 5*c - 218. Calculate the remainder when 140 is divided by a.
66
Suppose -22*l + 399 = -21*l. Suppose -z = -8*z + l. Calculate the remainder when z is divided by 20.
17
Let j(s) = -61*s - 12. Let r be j(-6). Let b be 2/((-3)/(r/(-4))). Suppose 10 = -2*c, x - 4*c = c + b. What is the remainder when 134 is divided by x?
32
Suppose 0 = -2*a - 4, 4*s - 39 = -4*a - 3. Let g = s - -20. What is the remainder when g is divided by 11?
9
Let p = -26 - -49. Suppose -7 = -5*r + p. What is the remainder when r is divided by 4?
2
Let c(r) = r**3 + 2*r**2 - 19*r - 18. Calculate the remainder when 474 is divided by c(-5).
0
Calculate the remainder when 1019/6 - (82/12 + -7) is divided by 59.
52
Suppose h = -b + 22, 73*b = -5*h + 75*b + 110. Suppose 0 = a - 5*a + 428. What is the remainder when a is divided by h?
19
Let y(l) = -l**3 - 4*l**2 + 7*l - 7. Let m be y(-6). Let t = 3 + 36. Let q = t - m. Calculate the remainder when 61 is divided by q.
13
Suppose -2*d = 2*p - 16, -2*p - d + 12 = -1. Let f be -18 + -1 + 0 + -1. Calculate the remainder when p is divided by (f/(-25))/((-2)/(-10)).
1
Suppose 32*a + 23*a - 36*a - 627 = 0. Let d(v) = -v. Calculate the remainder when a is divided by d(-9).
6
Suppose 3*b = 3*f - 0*f - 141, 76 = 2*f + 4*b. Let s = 187 + -101. Calculate the remainder when s is divided by f.
42
Suppose -u + 0 + 6 = 0. Calculate the remainder when 106/5 + 8/(-40) is divided by u.
3
Let q be 4 + 2 + (4 - 7). Suppose -q*h + 9 + 27 = 0. Calculate the remainder when 21 is divided by h.
9
Let q be ((-4)/20 - 1/(-5)) + 18. Suppose 38 + q = 7*m. Suppose 13 = 2*w + 3*w + 3*d, -4*w + 8 = 3*d. What is the remainder when m is divided by w?
3
Let n be -1*(0 - -2) + -4. Let z(o) = 2*o + 20. Calculate the remainder when 29 is divided by z(n).
5
Let f = 126 - 180. Let h = -35 - f. Suppose p - 2*q = -3*q + 61, q + 163 = 3*p. What is the remainder when p is divided by h?
18
Suppose -3*o + 171 = 3*b, 2*o + 2*o - 4*b = 228. Suppose 4*c = c + j + 34, 4*c - o = -j. What is the remainder when 37 - (1/1)/(-1) is divided by c?
12
Let i = 36 + 137. Let u = 891 - 983. Let m = u + i. What is the remainder when m is divided by 21?
18
Suppose 27*h - 418 = 8*h. Suppose 0 = z - 9 - 33. Calculate the remainder when z is divided by h.
20
Suppose -59*i - 16*i = -4050. Calculate the remainder when i is divided by 11.
10
Let x = -787 - -794. Suppose -3*a = -57 - 0. Calculate the remainder when a is divided by x.
5
What is the remainder when (-130)/(-4)*(-1088)/(-170) is divided by 15?
13
Let v be 6/33 - (-92)/(-22). Let b be (-12)/((-57)/12 - v). Let f = 26 - b. Calculate the remainder when 35 is divided by f.
5
Let g = 30 + -12. Let c(s) = 25*s - 728. What is the remainder when c(31) is divided by g?
11
Suppose -2*j + 50 = 4*q, 2*j - 5*q - 170 = -3*j. Suppose -4*y - 36 - 4 = b, b + y + j = 0. Let v = b + 34. Calculate the remainder when 15 is divided by v.
3
Suppose 13 = -5*i - 7, -4*p - 3*i + 332 = 0. Calculate the remainder when p is divided by 19.
10
Let g(k) = -k**3 - 9*k**2 + 8*k + 2. Let r be 385/(-121) + 2/11. Let h = -13 - r. What is the remainder when g(h) is divided by 8?
6
Let n = 7 - 28. Let y = 11 + -6. Calculate the remainder when (n/2)/(-3)*2 is divided by y.
2
Let l be (28/10)/(2/10). Let b = l + -47. Let t = -8 - b. What is the remainder when t is divided by 13?
12
Let b(q) = -3*q**2 - q - 2. Let f be b(2). Let m(o) = o**2 - 20*o - 37. Let n be m(23). Let a = n + f. What is the remainder when 45 is divided by a?
13
Let p(r) = -r**2 + 7*r - 4. Suppose -5*l + 30 = 4*c, -5*c + 4*l + 6 = -11. Calculate the remainder when c is divided by p(6).
1
Let d be ((-20)/(-2))/(4 + -3). Suppose 3*n + 2*n = d. Let g(s) = 2*s + 3. What is the remainder when 20 is divided by g(n)?
6
Let m(q) = q**3 + 5*q**2 - q - 1. Let p be m(-5). Suppose t + 2*t + 5*s = 287, 340 = p*t - 4*s. What is the remainder when t is divided by 18?
17
Let a(v) = -2*v - 21. Let c be a(-16). Let g = 17 + c. What is the remainder when g is divided by 16?
12
Suppose 9 = 2*g - 3. What is the remainder when 3/g - 274/(-4) is divided by 16/(-42)*-48 + (-4)/14?
15
Let f(h) = 0*h + 2*h - 10 + 8 + 10*h. Calculate the remainder when f(1) is divided